{"id":974,"date":"2025-02-20T13:22:36","date_gmt":"2025-02-20T13:22:36","guid":{"rendered":"http:\/\/stage.degree361.net:8080\/lux-sofa\/?post_type=product&#038;p=974"},"modified":"2025-03-26T13:07:59","modified_gmt":"2025-03-26T13:07:59","slug":"ugaona-garnitura-maia","status":"publish","type":"product","link":"http:\/\/stage.degree361.net:8080\/lux-sofa\/product\/ugaona-garnitura-maia\/","title":{"rendered":"Ugaona garnitura Sofrano"},"content":{"rendered":"<p><strong>Ugaona garnitura Sofrano \u2013 Savr\u0161en spoj udobnosti i elegancije za va\u0161 prostor<\/strong><\/p>\n<p>Ugaona garnitura Sofrano je idealan izbor za one koji \u017eele uneti sofisticiranost i neupadljivu eleganciju u svoj dom, uz vrhunski komfor. Dizajnirana da odgovori potrebama modernog \u017eivota, Maia je vi\u0161e od name\u0161taja \u2013 ona je oaza mira, relaksacije i stila.<\/p>\n<p>S pa\u017eljivo biranim materijalima i ergonomskim dizajnom, garnitura Sofrano nudi savr\u0161en balans izme\u0111u udobnosti i funkcionalnosti. Njena mekana sedi\u0161ta i udobni nasloni pru\u017eaju vrhunski do\u017eivljaj opu\u0161tanja, dok prostrana forma omogu\u0107ava da se svi \u010dlanovi porodice udobno smeste i u\u017eivaju u zajedni\u010dkim trenucima. Bilo da se opu\u0161tate uz film, u\u017eivate u razgovoru ili naprosto \u017eelite da se opustite, Sofrano \u0107e biti tu da vam pru\u017ei potpuni komfor.<\/p>\n<p>Svojim savremenim, ali svestranim dizajnom, garnitura Sofrano lako se uklapa u razli\u010dite stilove enterijera, \u010dine\u0107i svaki prostor toplijim i elegantskim. Njena dugotrajna izrada garantuje da \u0107e ova garnitura biti sa vama dugi niz godina, bez kompromisa na kvalitetu.<\/p>\n<p>Ugaona garnitura Sofrano nije samo komad name\u0161taja \u2013 to je investicija u udoban i funkcionalan prostor. Uz nju, svaki va\u0161 trenutak opu\u0161tanja postaje posebna prilika za u\u017eivanje.<\/p>\n<p>Izaberite ugaonu garnituru Sofrano \u2013 jer zaslu\u017eujete udobnost koja traje i stvorite prostor u kojem \u0107ete se ose\u0107ati savr\u0161eno.<\/p>\n<p>Za izradu ganiture na raspolaganju je veliki izbor \u0161tofa, kao i mogu\u0107nost kombinovanja ve\u0107eg broja elemenata razli\u010ditih dimenzija.<\/p>\n","protected":false},"excerpt":{"rendered":"<p>Ugaona garnitura Sofrano \u2013 Savr\u0161en spoj udobnosti i elegancije za va\u0161 prostor Ugaona garnitura Sofrano je idealan izbor za one koji \u017eele uneti sofisticiranost i neupadljivu eleganciju u svoj dom, uz vrhunski komfor. Dizajnirana da odgovori potrebama modernog \u017eivota, Maia je vi\u0161e od name\u0161taja \u2013 ona je oaza mira, relaksacije i stila. S pa\u017eljivo biranim [&hellip;]<\/p>\n","protected":false},"featured_media":975,"comment_status":"open","ping_status":"closed","template":"","meta":[],"product_cat":[56,62,60,18],"product_tag":[],"class_list":{"0":"post-974","1":"product","2":"type-product","3":"status-publish","4":"has-post-thumbnail","6":"product_cat-male-ugaone-garniture","7":"product_cat-moderne-ugaone-garniture","8":"product_cat-modularne-ugaone-garniture","9":"product_cat-ugaone-garniture","11":"first","12":"instock","13":"shipping-taxable","14":"purchasable","15":"product-type-simple"},"_links":{"self":[{"href":"http:\/\/stage.degree361.net:8080\/lux-sofa\/wp-json\/wp\/v2\/product\/974","targetHints":{"allow":["GET"]}}],"collection":[{"href":"http:\/\/stage.degree361.net:8080\/lux-sofa\/wp-json\/wp\/v2\/product"}],"about":[{"href":"http:\/\/stage.degree361.net:8080\/lux-sofa\/wp-json\/wp\/v2\/types\/product"}],"replies":[{"embeddable":true,"href":"http:\/\/stage.degree361.net:8080\/lux-sofa\/wp-json\/wp\/v2\/comments?post=974"}],"wp:featuredmedia":[{"embeddable":true,"href":"http:\/\/stage.degree361.net:8080\/lux-sofa\/wp-json\/wp\/v2\/media\/975"}],"wp:attachment":[{"href":"http:\/\/stage.degree361.net:8080\/lux-sofa\/wp-json\/wp\/v2\/media?parent=974"}],"wp:term":[{"taxonomy":"product_cat","embeddable":true,"href":"http:\/\/stage.degree361.net:8080\/lux-sofa\/wp-json\/wp\/v2\/product_cat?post=974"},{"taxonomy":"product_tag","embeddable":true,"href":"http:\/\/stage.degree361.net:8080\/lux-sofa\/wp-json\/wp\/v2\/product_tag?post=974"}],"curies":[{"name":"wp","href":"https:\/\/api.w.org\/{rel}","templated":true}]}}