{"id":922,"date":"2025-02-14T15:48:44","date_gmt":"2025-02-14T15:48:44","guid":{"rendered":"http:\/\/stage.degree361.net:8080\/lux-sofa\/?post_type=product&#038;p=922"},"modified":"2025-03-26T13:51:14","modified_gmt":"2025-03-26T13:51:14","slug":"fotelja-oden","status":"publish","type":"product","link":"http:\/\/stage.degree361.net:8080\/lux-sofa\/product\/fotelja-oden\/","title":{"rendered":"Fotelja Tilos"},"content":{"rendered":"<p>Fotelja <strong>Tilos<\/strong> je savr\u0161en spoj udobnosti i modernog dizajna, idealna za svaki prostor. Sa pa\u017eljivo osmi\u0161ljenim oblikom, pru\u017ea maksimalnu podr\u0161ku i opu\u0161tanje, dok njene elegantne linije dodaju sofisticiranost svakom enterijeru. Bilo da je postavite u dnevnu sobu, kancelariju ili spava\u0107u sobu, Tilos \u0107e se savr\u0161eno uklopiti i postati centralni element va\u0161eg prostora. Otkrijte komfor i stil u jednom komadu name\u0161taja koji ne\u0107ete \u017eeleti da se odreknete.<\/p>\n<p>Za izradu fotelje na raspolaganju je veliki izbor \u0161tofa.<\/p>\n","protected":false},"excerpt":{"rendered":"<p>Fotelja Tilos je savr\u0161en spoj udobnosti i modernog dizajna, idealna za svaki prostor. Sa pa\u017eljivo osmi\u0161ljenim oblikom, pru\u017ea maksimalnu podr\u0161ku i opu\u0161tanje, dok njene elegantne linije dodaju sofisticiranost svakom enterijeru. Bilo da je postavite u dnevnu sobu, kancelariju ili spava\u0107u sobu, Tilos \u0107e se savr\u0161eno uklopiti i postati centralni element va\u0161eg prostora. Otkrijte komfor i [&hellip;]<\/p>\n","protected":false},"featured_media":923,"comment_status":"open","ping_status":"closed","template":"","meta":[],"product_cat":[66,104,103,105,17,33],"product_tag":[],"class_list":{"0":"post-922","1":"product","2":"type-product","3":"status-publish","4":"has-post-thumbnail","6":"product_cat-fotelje","7":"product_cat-klub-fotelje","8":"product_cat-male-fotelje","9":"product_cat-moderne-fotelje","10":"product_cat-sofe-i-fotelje","11":"product_cat-stolice-i-fotelje","13":"first","14":"instock","15":"shipping-taxable","16":"purchasable","17":"product-type-simple"},"_links":{"self":[{"href":"http:\/\/stage.degree361.net:8080\/lux-sofa\/wp-json\/wp\/v2\/product\/922","targetHints":{"allow":["GET"]}}],"collection":[{"href":"http:\/\/stage.degree361.net:8080\/lux-sofa\/wp-json\/wp\/v2\/product"}],"about":[{"href":"http:\/\/stage.degree361.net:8080\/lux-sofa\/wp-json\/wp\/v2\/types\/product"}],"replies":[{"embeddable":true,"href":"http:\/\/stage.degree361.net:8080\/lux-sofa\/wp-json\/wp\/v2\/comments?post=922"}],"wp:featuredmedia":[{"embeddable":true,"href":"http:\/\/stage.degree361.net:8080\/lux-sofa\/wp-json\/wp\/v2\/media\/923"}],"wp:attachment":[{"href":"http:\/\/stage.degree361.net:8080\/lux-sofa\/wp-json\/wp\/v2\/media?parent=922"}],"wp:term":[{"taxonomy":"product_cat","embeddable":true,"href":"http:\/\/stage.degree361.net:8080\/lux-sofa\/wp-json\/wp\/v2\/product_cat?post=922"},{"taxonomy":"product_tag","embeddable":true,"href":"http:\/\/stage.degree361.net:8080\/lux-sofa\/wp-json\/wp\/v2\/product_tag?post=922"}],"curies":[{"name":"wp","href":"https:\/\/api.w.org\/{rel}","templated":true}]}}