{"id":764,"date":"2025-01-29T10:40:12","date_gmt":"2025-01-29T10:40:12","guid":{"rendered":"http:\/\/stage.degree361.net:8080\/lux-sofa\/?post_type=product&#038;p=764"},"modified":"2025-02-12T14:02:18","modified_gmt":"2025-02-12T14:02:18","slug":"komoda-vulcano-3","status":"publish","type":"product","link":"http:\/\/stage.degree361.net:8080\/lux-sofa\/product\/komoda-vulcano-3\/","title":{"rendered":"Komoda Vulcano 3"},"content":{"rendered":"<p><strong>Komoda Vulcano 3<\/strong> \u2013 Elegantna i funkcionalna komoda koja se savr\u0161eno uklapa u svaki prostor. Sa kombinacijom <em>artisan<\/em> i bele boje, pru\u017ea moderan i topao izgled. Dve ve\u0107e i dve manje police, zajedno sa \u010detiri fioke, omogu\u0107avaju optimalnu organizaciju va\u0161ih stvari. Njene dimenzije (82 cm visine, 160 cm \u0161irine i 35 cm dubine) \u010dine je idealnim re\u0161enjem za ve\u0107e prostore, kao \u0161to su dnevne sobe ili hodnici. Komoda Vulcano 3 je savr\u0161en izbor za one koji \u017eele spoj stila, funkcionalnosti i prostranosti.<\/p>\n","protected":false},"excerpt":{"rendered":"<p>Komoda Vulcano 3 \u2013 Elegantna i funkcionalna komoda koja se savr\u0161eno uklapa u svaki prostor. Sa kombinacijom artisan i bele boje, pru\u017ea moderan i topao izgled. Dve ve\u0107e i dve manje police, zajedno sa \u010detiri fioke, omogu\u0107avaju optimalnu organizaciju va\u0161ih stvari. Njene dimenzije (82 cm visine, 160 cm \u0161irine i 35 cm dubine) \u010dine je [&hellip;]<\/p>\n","protected":false},"featured_media":765,"comment_status":"open","ping_status":"closed","template":"","meta":[],"product_cat":[39,83],"product_tag":[],"class_list":{"0":"post-764","1":"product","2":"type-product","3":"status-publish","4":"has-post-thumbnail","6":"product_cat-komode","7":"product_cat-komode-sa-fiokama","9":"first","10":"instock","11":"shipping-taxable","12":"purchasable","13":"product-type-simple"},"_links":{"self":[{"href":"http:\/\/stage.degree361.net:8080\/lux-sofa\/wp-json\/wp\/v2\/product\/764","targetHints":{"allow":["GET"]}}],"collection":[{"href":"http:\/\/stage.degree361.net:8080\/lux-sofa\/wp-json\/wp\/v2\/product"}],"about":[{"href":"http:\/\/stage.degree361.net:8080\/lux-sofa\/wp-json\/wp\/v2\/types\/product"}],"replies":[{"embeddable":true,"href":"http:\/\/stage.degree361.net:8080\/lux-sofa\/wp-json\/wp\/v2\/comments?post=764"}],"wp:featuredmedia":[{"embeddable":true,"href":"http:\/\/stage.degree361.net:8080\/lux-sofa\/wp-json\/wp\/v2\/media\/765"}],"wp:attachment":[{"href":"http:\/\/stage.degree361.net:8080\/lux-sofa\/wp-json\/wp\/v2\/media?parent=764"}],"wp:term":[{"taxonomy":"product_cat","embeddable":true,"href":"http:\/\/stage.degree361.net:8080\/lux-sofa\/wp-json\/wp\/v2\/product_cat?post=764"},{"taxonomy":"product_tag","embeddable":true,"href":"http:\/\/stage.degree361.net:8080\/lux-sofa\/wp-json\/wp\/v2\/product_tag?post=764"}],"curies":[{"name":"wp","href":"https:\/\/api.w.org\/{rel}","templated":true}]}}