{"id":744,"date":"2025-01-28T11:10:59","date_gmt":"2025-01-28T11:10:59","guid":{"rendered":"http:\/\/stage.degree361.net:8080\/lux-sofa\/?post_type=product&#038;p=744"},"modified":"2025-02-12T14:12:37","modified_gmt":"2025-02-12T14:12:37","slug":"lima-klub-sto","status":"publish","type":"product","link":"http:\/\/stage.degree361.net:8080\/lux-sofa\/product\/lima-klub-sto\/","title":{"rendered":"Lima klub sto"},"content":{"rendered":"<p>Zamislite samo\u2014dru\u017eite se s prijateljima i porodicom oko Lima <strong>klub sto<\/strong>la, koji je mnogo vi\u0161e od obi\u010dnog stola! Sa dve police ispod svoje povr\u0161ine, visine 50cm, \u0161irine 95cm i dubine 47cm, nudi savr\u0161eno mesto za sve one daljinske upravlja\u010de i \u010dasopise koje uvek tra\u017eite na naj\u010dudnijim mestima. Ovaj komad name\u0161taja nije samo prakti\u010dan, ve\u0107 i neverovatno moderan, pa se uklapa u bilo koji dekor stila, od minimalisti\u010dkog do rasko\u0161nog. Zamislite ga kao heroja koji mo\u017ee sakriti sav taj nered koji se pojavi kao \u010darolijom kada neko nenajavljeno do\u0111e u posetu.<\/p>\n","protected":false},"excerpt":{"rendered":"<p>Zamislite samo\u2014dru\u017eite se s prijateljima i porodicom oko Lima klub stola, koji je mnogo vi\u0161e od obi\u010dnog stola! Sa dve police ispod svoje povr\u0161ine, visine 50cm, \u0161irine 95cm i dubine 47cm, nudi savr\u0161eno mesto za sve one daljinske upravlja\u010de i \u010dasopise koje uvek tra\u017eite na naj\u010dudnijim mestima. Ovaj komad name\u0161taja nije samo prakti\u010dan, ve\u0107 i [&hellip;]<\/p>\n","protected":false},"featured_media":745,"comment_status":"open","ping_status":"closed","template":"","meta":[],"product_cat":[34,43,91,55],"product_tag":[],"class_list":{"0":"post-744","1":"product","2":"type-product","3":"status-publish","4":"has-post-thumbnail","6":"product_cat-dnevne-sobe","7":"product_cat-klub-stolovi","8":"product_cat-klub-stolovi-stolovi","9":"product_cat-stolovi","11":"first","12":"instock","13":"shipping-taxable","14":"purchasable","15":"product-type-simple"},"_links":{"self":[{"href":"http:\/\/stage.degree361.net:8080\/lux-sofa\/wp-json\/wp\/v2\/product\/744","targetHints":{"allow":["GET"]}}],"collection":[{"href":"http:\/\/stage.degree361.net:8080\/lux-sofa\/wp-json\/wp\/v2\/product"}],"about":[{"href":"http:\/\/stage.degree361.net:8080\/lux-sofa\/wp-json\/wp\/v2\/types\/product"}],"replies":[{"embeddable":true,"href":"http:\/\/stage.degree361.net:8080\/lux-sofa\/wp-json\/wp\/v2\/comments?post=744"}],"wp:featuredmedia":[{"embeddable":true,"href":"http:\/\/stage.degree361.net:8080\/lux-sofa\/wp-json\/wp\/v2\/media\/745"}],"wp:attachment":[{"href":"http:\/\/stage.degree361.net:8080\/lux-sofa\/wp-json\/wp\/v2\/media?parent=744"}],"wp:term":[{"taxonomy":"product_cat","embeddable":true,"href":"http:\/\/stage.degree361.net:8080\/lux-sofa\/wp-json\/wp\/v2\/product_cat?post=744"},{"taxonomy":"product_tag","embeddable":true,"href":"http:\/\/stage.degree361.net:8080\/lux-sofa\/wp-json\/wp\/v2\/product_tag?post=744"}],"curies":[{"name":"wp","href":"https:\/\/api.w.org\/{rel}","templated":true}]}}