{"id":683,"date":"2025-01-23T16:36:05","date_gmt":"2025-01-23T16:36:05","guid":{"rendered":"http:\/\/stage.degree361.net:8080\/lux-sofa\/?post_type=product&#038;p=683"},"modified":"2025-02-12T14:33:50","modified_gmt":"2025-02-12T14:33:50","slug":"klub-sto-ekvador","status":"publish","type":"product","link":"http:\/\/stage.degree361.net:8080\/lux-sofa\/product\/klub-sto-ekvador\/","title":{"rendered":"Klub sto Ekvador"},"content":{"rendered":"<p>Klub sto Ekvador je spoj modernog dizajna i funkcionalnosti, savr\u0161en za svaki prostor. Plo\u010da i postolje stola izra\u0111eni su od visokokvalitetne iverice u elegantnoj lanselot hrast boji, koja unosi toplinu i prirodni \u0161arm u va\u0161 enterijer. Noga stola, napravljena od medijapana u sofisticiranoj beloj boji, dodaje moderan i minimalisti\u010dki akcenat, \u010dine\u0107i ovaj sto idealnim za razli\u010dite stilove ure\u0111enja.<\/p>\n<p>Dimenzije stola (visina 48, \u0161irina 120 i dubina 60cm) \u010dine ga pogodnim za sve vrste prostora, od dnevnih soba do poslovnih prostora, dok njegova stabilnost i kvalitet garantuju dugotrajan vek trajanja. Klub sto Ekvador je pravi izbor za one koji \u017eele elegantan, a ujedno i prakti\u010dan komad name\u0161taja koji \u0107e unaprediti svaki enterijer.<\/p>\n","protected":false},"excerpt":{"rendered":"<p>Klub sto Ekvador je spoj modernog dizajna i funkcionalnosti, savr\u0161en za svaki prostor. Plo\u010da i postolje stola izra\u0111eni su od visokokvalitetne iverice u elegantnoj lanselot hrast boji, koja unosi toplinu i prirodni \u0161arm u va\u0161 enterijer. Noga stola, napravljena od medijapana u sofisticiranoj beloj boji, dodaje moderan i minimalisti\u010dki akcenat, \u010dine\u0107i ovaj sto idealnim za [&hellip;]<\/p>\n","protected":false},"featured_media":684,"comment_status":"open","ping_status":"closed","template":"","meta":[],"product_cat":[34,43,91,55],"product_tag":[],"class_list":{"0":"post-683","1":"product","2":"type-product","3":"status-publish","4":"has-post-thumbnail","6":"product_cat-dnevne-sobe","7":"product_cat-klub-stolovi","8":"product_cat-klub-stolovi-stolovi","9":"product_cat-stolovi","11":"first","12":"instock","13":"shipping-taxable","14":"purchasable","15":"product-type-simple"},"_links":{"self":[{"href":"http:\/\/stage.degree361.net:8080\/lux-sofa\/wp-json\/wp\/v2\/product\/683","targetHints":{"allow":["GET"]}}],"collection":[{"href":"http:\/\/stage.degree361.net:8080\/lux-sofa\/wp-json\/wp\/v2\/product"}],"about":[{"href":"http:\/\/stage.degree361.net:8080\/lux-sofa\/wp-json\/wp\/v2\/types\/product"}],"replies":[{"embeddable":true,"href":"http:\/\/stage.degree361.net:8080\/lux-sofa\/wp-json\/wp\/v2\/comments?post=683"}],"wp:featuredmedia":[{"embeddable":true,"href":"http:\/\/stage.degree361.net:8080\/lux-sofa\/wp-json\/wp\/v2\/media\/684"}],"wp:attachment":[{"href":"http:\/\/stage.degree361.net:8080\/lux-sofa\/wp-json\/wp\/v2\/media?parent=683"}],"wp:term":[{"taxonomy":"product_cat","embeddable":true,"href":"http:\/\/stage.degree361.net:8080\/lux-sofa\/wp-json\/wp\/v2\/product_cat?post=683"},{"taxonomy":"product_tag","embeddable":true,"href":"http:\/\/stage.degree361.net:8080\/lux-sofa\/wp-json\/wp\/v2\/product_tag?post=683"}],"curies":[{"name":"wp","href":"https:\/\/api.w.org\/{rel}","templated":true}]}}