{"id":551,"date":"2025-01-20T09:19:50","date_gmt":"2025-01-20T09:19:50","guid":{"rendered":"http:\/\/stage.degree361.net:8080\/lux-sofa\/?post_type=product&#038;p=551"},"modified":"2025-02-13T10:22:50","modified_gmt":"2025-02-13T10:22:50","slug":"klizni-ormar-davos-viii-ogledalo-belo-250","status":"publish","type":"product","link":"http:\/\/stage.degree361.net:8080\/lux-sofa\/product\/klizni-ormar-davos-viii-ogledalo-belo-250\/","title":{"rendered":"Klizni ormar Davos VIII ogledalo Belo 250"},"content":{"rendered":"<p>Da li ste umorni od stalnog tra\u017eenja odje\u0107e u haosu va\u0161eg ormara? Predstavljamo vam Klizni ormar Davos VIII, beli spasitelj va\u0161eg garderobera! Sa dimenzijama od 215 cm visine, 250 cm \u0161irine i 58 cm dubine, ovaj ormar je kao superherojski pla\u0161t za va\u0161u spava\u0107u sobu.<\/p>\n<p>Sada neka vas ne zavaravaju ove brojke. To nisu samo dimenzije; to su obe\u0107anja prostora u kojem \u0107e va\u0161a garderoba prona\u0107i svoj dom sa stilom. Sa 10 polica raspore\u0111enih u dva reda, svaki red \u0161irine 60 cm, kona\u010dno \u0107ete mo\u0107i organizovati va\u0161u garderobu po bojama, sezonama ili, hej, po tome koliko \u010desto nosite \u201eonu jednu sretnu ko\u0161ulju\u201c.<\/p>\n<p>U sredini ovog \u010darobnog ormara, prona\u0107i \u0107ete \u0161iru policu i ve\u0161alicu \u0161irine 123 cm. To je mesto gde va\u0161e mu\u0161ke ko\u0161ulje, haljine i sve one jakne koje nikad ne znate kada \u0107ete obu\u0107i, kona\u010dno mogu da vise kao kraljevi.<\/p>\n<p>Ali, \u010dekajte, ima jo\u0161! Ormar dolazi s ogledalom. Dakle, osim \u0161to \u0107e va\u0161 prostor izgledati ve\u0107e i svetlije, mo\u017eete ve\u017ebati va\u0161e \u201ekako mi ovo stoji\u201c poze bez dodatnog ogledanja.<\/p>\n<p>Davos VIII nije samo va\u0161 ormar, ve\u0107 va\u0161 saveznik u borbi protiv nereda, va\u0161 jutarnji pomaga\u010d i komadi\u0107 luksuza koji va\u0161i gosti ne\u0107e mo\u0107i da ignori\u0161u. Dakle, opustite se, malo se nasmejte i dozvolite ovom ormaru da vas oslobodi haosa. Va\u0161a avantura s garderobom mo\u017ee da po\u010dne!<\/p>\n","protected":false},"excerpt":{"rendered":"<p>Da li ste umorni od stalnog tra\u017eenja odje\u0107e u haosu va\u0161eg ormara? Predstavljamo vam Klizni ormar Davos VIII, beli spasitelj va\u0161eg garderobera! Sa dimenzijama od 215 cm visine, 250 cm \u0161irine i 58 cm dubine, ovaj ormar je kao superherojski pla\u0161t za va\u0161u spava\u0107u sobu. Sada neka vas ne zavaravaju ove brojke. To nisu samo [&hellip;]<\/p>\n","protected":false},"featured_media":552,"comment_status":"open","ping_status":"closed","template":"","meta":[],"product_cat":[110,36,111,113,109,116,115],"product_tag":[],"class_list":{"0":"post-551","1":"product","2":"type-product","3":"status-publish","4":"has-post-thumbnail","6":"product_cat-garderoberi","7":"product_cat-garderoberi-i-ormari","8":"product_cat-klizni-garderoberi","9":"product_cat-klizni-ormari","10":"product_cat-ormari","11":"product_cat-ormari-sa-kliznim-vratima","12":"product_cat-ormari-sa-ogledalima","14":"first","15":"instock","16":"shipping-taxable","17":"purchasable","18":"product-type-simple"},"_links":{"self":[{"href":"http:\/\/stage.degree361.net:8080\/lux-sofa\/wp-json\/wp\/v2\/product\/551","targetHints":{"allow":["GET"]}}],"collection":[{"href":"http:\/\/stage.degree361.net:8080\/lux-sofa\/wp-json\/wp\/v2\/product"}],"about":[{"href":"http:\/\/stage.degree361.net:8080\/lux-sofa\/wp-json\/wp\/v2\/types\/product"}],"replies":[{"embeddable":true,"href":"http:\/\/stage.degree361.net:8080\/lux-sofa\/wp-json\/wp\/v2\/comments?post=551"}],"wp:featuredmedia":[{"embeddable":true,"href":"http:\/\/stage.degree361.net:8080\/lux-sofa\/wp-json\/wp\/v2\/media\/552"}],"wp:attachment":[{"href":"http:\/\/stage.degree361.net:8080\/lux-sofa\/wp-json\/wp\/v2\/media?parent=551"}],"wp:term":[{"taxonomy":"product_cat","embeddable":true,"href":"http:\/\/stage.degree361.net:8080\/lux-sofa\/wp-json\/wp\/v2\/product_cat?post=551"},{"taxonomy":"product_tag","embeddable":true,"href":"http:\/\/stage.degree361.net:8080\/lux-sofa\/wp-json\/wp\/v2\/product_tag?post=551"}],"curies":[{"name":"wp","href":"https:\/\/api.w.org\/{rel}","templated":true}]}}