{"id":1039,"date":"2025-02-28T17:41:56","date_gmt":"2025-02-28T17:41:56","guid":{"rendered":"http:\/\/stage.degree361.net:8080\/lux-sofa\/?post_type=product&#038;p=1039"},"modified":"2025-03-25T13:13:40","modified_gmt":"2025-03-25T13:13:40","slug":"ugaona-garnitura-amir","status":"publish","type":"product","link":"http:\/\/stage.degree361.net:8080\/lux-sofa\/product\/ugaona-garnitura-amir\/","title":{"rendered":"Ugaona garnitura Kos"},"content":{"rendered":"<p>Ugaona garnitura <strong>Kos<\/strong> \u2013 Prostranost i udobnost na svakom koraku<\/p>\n<p>Ugaona garnitura Kos predstavlja savr\u0161en spoj luksuza, komfora i prostranosti, idealna za one koji \u017eele da unesu da\u0161ak sofisticiranosti u svoj dom. Sa svojim prostranim dizajnom, ova garnitura pru\u017ea dovoljno prostora za sve \u010dlanove porodice ili goste, omogu\u0107avaju\u0107i vam da u\u017eivate u potpunoj udobnosti bez kompromisa.<\/p>\n<p>S pa\u017eljivo odabranim materijalima i vrhunskom izradom, Kos je kreiran da pru\u017ei maksimalnu podr\u0161ku i opu\u0161tanje tokom svih trenutaka provedenih u va\u0161em dnevnom boravku. Bilo da se opu\u0161tate nakon napornog dana, provodite vreme sa prijateljima ili u\u017eivate u porodi\u010dnom okupljanju, prostrane sedi\u0161ne povr\u0161ine i ergonomija ove garniture garantuju udobnost i relaksaciju.<\/p>\n<p>Sa modernim, ali suptilnim dizajnom, ugaona garnitura Kos lako se uklapa u razli\u010dite stilove enterijera, donose\u0107i eleganciju i sofisticiranost svakom prostoru. Unesite u svoj dom savr\u0161en spoj prostranosti i udobnosti \u2013 jer zaslu\u017eujete name\u0161taj koji ne samo da izgleda dobro, ve\u0107 se i ose\u0107a sjajno.<\/p>\n<p>Iskoristite priliku i transformi\u0161ite svoj prostor uz ugaonu garnituru Kos \u2013 udobnost koja traje i prostor koji inspiri\u0161e.<\/p>\n<p>Za izradu ganiture na raspolaganju je veliki izbor \u0161tofa, kao i mogu\u0107nost kombinovanja ve\u0107eg broja elemenata razli\u010ditih dimenzija.<\/p>\n","protected":false},"excerpt":{"rendered":"<p>Ugaona garnitura Kos \u2013 Prostranost i udobnost na svakom koraku Ugaona garnitura Kos predstavlja savr\u0161en spoj luksuza, komfora i prostranosti, idealna za one koji \u017eele da unesu da\u0161ak sofisticiranosti u svoj dom. Sa svojim prostranim dizajnom, ova garnitura pru\u017ea dovoljno prostora za sve \u010dlanove porodice ili goste, omogu\u0107avaju\u0107i vam da u\u017eivate u potpunoj udobnosti bez [&hellip;]<\/p>\n","protected":false},"featured_media":1040,"comment_status":"open","ping_status":"closed","template":"","meta":[],"product_cat":[62,60,18,57],"product_tag":[],"class_list":{"0":"post-1039","1":"product","2":"type-product","3":"status-publish","4":"has-post-thumbnail","6":"product_cat-moderne-ugaone-garniture","7":"product_cat-modularne-ugaone-garniture","8":"product_cat-ugaone-garniture","9":"product_cat-velike-ugaone-garniture","11":"first","12":"instock","13":"shipping-taxable","14":"purchasable","15":"product-type-simple"},"_links":{"self":[{"href":"http:\/\/stage.degree361.net:8080\/lux-sofa\/wp-json\/wp\/v2\/product\/1039","targetHints":{"allow":["GET"]}}],"collection":[{"href":"http:\/\/stage.degree361.net:8080\/lux-sofa\/wp-json\/wp\/v2\/product"}],"about":[{"href":"http:\/\/stage.degree361.net:8080\/lux-sofa\/wp-json\/wp\/v2\/types\/product"}],"replies":[{"embeddable":true,"href":"http:\/\/stage.degree361.net:8080\/lux-sofa\/wp-json\/wp\/v2\/comments?post=1039"}],"wp:featuredmedia":[{"embeddable":true,"href":"http:\/\/stage.degree361.net:8080\/lux-sofa\/wp-json\/wp\/v2\/media\/1040"}],"wp:attachment":[{"href":"http:\/\/stage.degree361.net:8080\/lux-sofa\/wp-json\/wp\/v2\/media?parent=1039"}],"wp:term":[{"taxonomy":"product_cat","embeddable":true,"href":"http:\/\/stage.degree361.net:8080\/lux-sofa\/wp-json\/wp\/v2\/product_cat?post=1039"},{"taxonomy":"product_tag","embeddable":true,"href":"http:\/\/stage.degree361.net:8080\/lux-sofa\/wp-json\/wp\/v2\/product_tag?post=1039"}],"curies":[{"name":"wp","href":"https:\/\/api.w.org\/{rel}","templated":true}]}}